git of z?
1
Let i = 22887 - 16150. What is the tens digit of i?
3
Suppose 188*n + 74316 = 192*n - 4*f, -5*f + 37214 = 2*n. What is the thousands digit of n?
8
Let k(g) = -1002*g - 43. Let h be k(-3). Suppose -h = -9*t - 281. What is the units digit of t?
8
Suppose -4*z + 2 = -6*z, 3*z = s - 11. Let x(w) = 28*w - 73. What is the units digit of x(s)?
1
Suppose -2*r = -4*f - 31766, -70*r = -72*r - 8*f + 31670. What is the hundreds digit of r?
8
Suppose -893361 = -82*c - 51*c. What is the thousands digit of c?
6
Let p(v) = 2295*v**2 + 36*v - 77. What is the tens digit of p(5)?
7
Suppose -34*d + 3*c = -38*d + 11431, -d + 4*c = -2853. What is the units digit of d?
7
Let y = 157 + -181. What is the tens digit of 171/y*(-14)/3*20?
6
Suppose -3*w + 8*w + 2*c + 29 = 0, -4*c = 5*w + 23. Let l(h) = -8636 - 11*h + 4311 - h**2 + 4310. What is the tens digit of l(w)?
1
What is the units digit of 1 - ((-12)/3)/(-4)*-4849 - -1?
1
Suppose 4*x = -9*y + 4*y + 41, -y + 28 = 3*x. Suppose 4*w = x*w + 10. What is the units digit of (1 - (2 + w))*14?
4
Suppose -b - 146 = -2*b - 4*o, 271 = 2*b + o. Let k = b + -78. What is the units digit of (-12)/(-1) + k/(-14)?
8
Let m = -50 + 55. Suppose -p = m*s - 7022, 5*p - 10*p - 15 = 0. What is the tens digit of s?
0
Let v(y) = 63*y**2 + 280*y - 39. What is the thousands digit of v(22)?
6
Let v(s) = -10*s + 85. Let l be v(9). What is the tens digit of (56/10)/(2097/(-420) - l)?
8
Let s = 1547 + -497. Suppose -9*k + s = k. What is the tens digit of k?
0
Let u = -3123 + 12136. What is the hundreds digit of u?
0
Let s(u) = u**2 + 3*u - 18. Let b be s(-9). Let p = b + -45. What is the units digit of (-42)/189 + (-1685)/p?
7
Suppose 220*j - 224 = 222*j. Let c be (-1688)/(-6) - (-2)/(-6). Let w = j + c. What is the units digit of w?
9
Suppose 3*l = -10*l + 2*l + 124916. What is the thousands digit of l?
1
Let s(u) = -193*u - 67. Let w be s(1). Let o = 125 - w. What is the tens digit of o?
8
What is the tens digit of 807*8/(-24)*-15?
3
Let p(u) = 2*u**2 - 15*u - 4. Suppose 4*t - 95 = -5*x, -9*x - 122 = -5*t - 12*x. What is the hundreds digit of p(t)?
8
Let d(u) = 199*u**2 + 271*u - 60. What is the tens digit of d(-16)?
4
Let u(p) = 10*p + 18. Let a be 4/(-18) - 2/(-54)*141. Suppose 0 = 5*b - a*f, -3*b - 4 = -5*b + f. What is the units digit of u(b)?
8
Let q be 2*3/6*1854. Suppose 4*p = -4*w + 1480, p = 5*w + 2*p - q. What is the tens digit of 18/(-81) - w/(-9)?
4
What is the hundreds digit of (8 + 104594/(-21))*-3?
9
Let m = -143 - -247. Let u be (22/3)/((-1)/(-24)). Let s = u - m. What is the units digit of s?
2
Suppose 4*k + 16 = 0, 5*u + 5*k - 21 = 4*k. Suppose u*p - 2*a + a - 723 = 0, -2*a = 4*p - 570. What is the hundreds digit of p?
1
Let u(n) = -2*n + 20. Let m(r) = r - 3. Let b be m(11). Let z be u(b). Suppose -z*g + 4 = 4*c, -3*g + 22 + 5 = -5*c. What is the units digit of g?
4
Let w(d) = -2165*d - 8052. What is the hundreds digit of w(-21)?
4
Suppose 4*p - 2*x - 45 = 39, -2*p + 48 = -4*x. Suppose -p*f - f + 8925 = 0. What is the units digit of f?
5
Let b = -10685 + 42974. What is the hundreds digit of b?
2
Suppose -b + 3*b - 11212 = -3*g, 2*g = b + 7477. What is the thousands digit of g?
3
Suppose -d + 0 - 4 = 0, -2*z = d - 2. Suppose 0 = -n + 5*a - 10 - z, -n + 14 = 4*a. What is the units digit of ((-7)/(-2) - n)*2 - -157?
0
Let b(o) = -3*o - 51. Let j(f) = 2*f + 34. Let u(l) = -5*b(l) - 8*j(l). Let w(p) = -2*p - 18. Let n(s) = 4*u(s) - 3*w(s). What is the tens digit of n(17)?
2
Let y = 52 - 48. Suppose -4*g + 0*x - 156 = 4*x, 2*g + y*x = -82. Let n = 34 - g. What is the units digit of n?
1
Suppose -3*n + 3 = -3. Let p be -1 + (-4 - -1) + n. What is the tens digit of -13*(13 + p)*(-9 + 8)?
4
Let n(g) = 7*g + 2*g**3 + 7*g + 13*g + 9*g + 4*g**2 - 2*g**2 - 34. What is the units digit of n(7)?
2
Suppose 7*f = -4*m + 70933 - 16354, -m + 4*f + 13662 = 0. What is the ten thousands digit of m?
1
Suppose -90*w = 171*w - 2308068 - 3636990. What is the units digit of w?
8
Let r = -215 + 419. Let a(o) = -o**3 + o**2 + 26*o + 86. Let b be a(-3). Suppose -4*m + b = -r. What is the tens digit of m?
6
Suppose 94*u = 26*u + 243236. What is the tens digit of u?
7
What is the units digit of (-3)/90*-6 - 114370/(-25)?
5
Let y(f) = -699*f - 1162. What is the hundreds digit of y(-30)?
8
What is the thousands digit of 24950 + -3*(-3)/6*20/(-6)?
4
Suppose -4*t - a + 267 = 22, 3*t - 5*a - 178 = 0. Suppose t*d = 58*d + 252. What is the tens digit of d?
8
Let o(k) = -1088*k - 4024. What is the thousands digit of o(-6)?
2
Let n = -44973 + 101692. What is the tens digit of n?
1
Suppose -13*k - 4 = -15*k. Suppose 4*m - k*m = m. Suppose 5*p = 4*i - 13, -5*i + 5*p + 7 + 8 = m. What is the units digit of i?
2
Let g(a) = 26*a**2 - 7*a - 232. What is the hundreds digit of g(21)?
0
Let o be 1/3*(1 + 9509). Suppose c - 185 = 5*n - 8101, 0 = -2*n + 4*c + o. What is the thousands digit of n?
1
Let w(b) = -1184*b - 2596. What is the hundreds digit of w(-29)?
7
Let s(f) = f**3 - 5*f**2 + f + 12. Let r be s(4). Suppose 2*i - 2 = 0, 4*y + 4*i - i + 41 = r. Let p(b) = b**2 + 5*b + 3. What is the units digit of p(y)?
9
Suppose -1503008 = -16*b - 18*b + 2*b. What is the units digit of b?
9
Let m(d) = -37*d**2 - 37*d + 99. Let z(q) = -55*q**2 - 55*q + 148. Let x(v) = -8*m(v) + 5*z(v). What is the hundreds digit of x(5)?
5
Let g(y) = 9 - 7*y + 6*y + 4*y**2 + 2*y**2 - y**3. Let h be g(5). Let c = 75 + h. What is the tens digit of c?
0
Suppose 5*q = 2938 + 3942. Suppose 65*l = 63*l + q. What is the tens digit of ((-9)/((-36)/l))/2?
8
Let t be 2/9 + (-4)/18. Let d be (2/(-6))/(17/(-255)) - -3. Let v = d - t. What is the units digit of v?
8
Let j(u) = -12*u + 65. Let y be j(5). Suppose -3*r - y*c = -1589, -6 = -3*c - 3. What is the hundreds digit of r?
5
Suppose 3*m - 12 = 0, -4305 = -5*d + 4*m + 79. What is the tens digit of d?
8
Let f(i) = 59*i + 426. What is the tens digit of f(-5)?
3
Let h(u) = 9*u**2 - 9*u - 27. Let t be h(-3). Suppose -557 = -3*m - t*z + 77*z, -3*m + 539 = -5*z. What is the tens digit of m?
8
Let n(x) = 88*x**2 + 6*x - 7. Let t be n(1). Let j be t/58*(-2)/3. Let d(p) = 21*p**2 + 4*p + 2. What is the tens digit of d(j)?
1
Suppose -56 = -u + 43. Let v = 90 + u. What is the hundreds digit of v?
1
Suppose x + 5*v = 18719 + 14976, 1 = v. What is the tens digit of x?
9
Let r(f) = 6*f - 32. Let s be r(-8). Let v = 261 + s. Let w = -115 + v. What is the tens digit of w?
6
Let v = 695 - 687. Suppose -t - v*t = -3276. What is the hundreds digit of t?
3
Suppose -a - 2 = 67. Let p = a - -431. What is the hundreds digit of p?
3
Suppose -34*a + 16*a + 36 = 0. Suppose 0*u + 2068 = 4*t + a*u, 0 = 4*u. What is the units digit of t?
7
What is the tens digit of (-300)/(-40)*(-11)/(33/(-2278))?
9
Suppose 3*t - 355 = 4*y + 2*t, 3*t + 465 = -5*y. What is the units digit of (12 - y)/((-3)/(-2)) - -3?
1
Let z be (-4)/(-8)*0/(3 - 6). Suppose z*j - 570 = -j. What is the units digit of j?
0
Let i(s) = s**3 - 16*s**2 + 16*s + 19. Let d be i(15). Suppose -4*p = -34 + d. Suppose p = 7*b + 4*b - 858. What is the units digit of b?
8
Let x be ((-2)/(-5))/(104/1300). Suppose -p + 173 = 3*l, -736 = -4*p + x*l - 6*l. What is the tens digit of p?
8
Let k(v) = 2*v**3 - 17*v**2 + 140*v - 25. What is the ten thousands digit of k(27)?
3
Suppose 0 = 18*j - 58234 - 62111 + 27663. What is the tens digit of j?
4
Let c = 11182 + -38968. What is the tens digit of (c/(-22))/((-4)/((-16)/6))?
4
What is the units digit of (-120368)/(-24)*(-1 - (-10)/4)?
3
Let n = -50 - -42. Let x be (7 - n) + 0 + 0. What is the units digit of (x/(-5))/(-6)*116?
8
Suppose -282 + 66 = -18*p. Suppose -b + 4*j = 2, -9*j + p*j - 61 = 5*b. What is the units digit of 2/2 - (-250 - b)?
7
What is the ten thousands digit of (-217002)/(-12) - (-54)/(-36)?
1
What is the hundreds digit of -8 - ((-1088)/8)/((-2)/(-5))?
3
Let a(w) = -78*w + 91. Let r(g) = -79*g + 87. Let j(l) = -3*a(l) + 2*r(l). What is the units digit of j(6)?
7
Let v be -18*(-22)/12*2. Let h be (7 + 13/(-2))/(4/3744). Suppose -3*y = v - h. What is the units digit of y?
4
Let x = 1496 - -15886. What is the ten thousands digit of x?
1
Suppose 25*i - 4*i = 1323. What is the units digit of -1 + (-56)/(-4)*i?
1
Let g(o) = -68*o - 4. Let n be g(-8). Let s be n + 8/